{"id":495,"date":"2025-03-18T18:49:19","date_gmt":"2025-03-18T18:49:19","guid":{"rendered":"https:\/\/seizosolutions.com\/?page_id=495"},"modified":"2025-03-18T20:11:28","modified_gmt":"2025-03-18T20:11:28","slug":"blazemaster","status":"publish","type":"page","link":"https:\/\/seizosolutions.com\/index.php\/marcas\/blazemaster\/","title":{"rendered":"BLAZEMASTER"},"content":{"rendered":"\n<div class=\"wp-block-cover\"><span aria-hidden=\"true\" class=\"wp-block-cover__background has-background-dim\"><\/span><img loading=\"lazy\" decoding=\"async\" width=\"1366\" height=\"768\" class=\"wp-block-cover__image-background wp-image-498\" alt=\"\" src=\"https:\/\/seizosolutions.com\/wp-content\/uploads\/2025\/03\/1366X768-BLAZE.jpg\" data-object-fit=\"cover\" title=\"\" srcset=\"https:\/\/seizosolutions.com\/wp-content\/uploads\/2025\/03\/1366X768-BLAZE.jpg 1366w, https:\/\/seizosolutions.com\/wp-content\/uploads\/2025\/03\/1366X768-BLAZE-300x169.jpg 300w, https:\/\/seizosolutions.com\/wp-content\/uploads\/2025\/03\/1366X768-BLAZE-1024x576.jpg 1024w, https:\/\/seizosolutions.com\/wp-content\/uploads\/2025\/03\/1366X768-BLAZE-768x432.jpg 768w, https:\/\/seizosolutions.com\/wp-content\/uploads\/2025\/03\/1366X768-BLAZE-1320x742.jpg 1320w, https:\/\/seizosolutions.com\/wp-content\/uploads\/2025\/03\/1366X768-BLAZE-600x337.jpg 600w\" sizes=\"auto, (max-width: 1366px) 100vw, 1366px\" \/><div class=\"wp-block-cover__inner-container is-layout-flow wp-block-cover-is-layout-flow\">\n<p class=\"has-text-align-center has-large-font-size\">NOS ASOCIAMOS CON USTED PARA SUMINISTRAR LA TRANQUILIDAD DE UN SISTEMA DE PROTECCI\u00d3N CONTRA INCENDIOS<\/p>\n<\/div><\/div>\n\n\n\n<p>El policloruro de vinilo clorado de BlazeMaster<sup>\u00ae<\/sup>&nbsp;CPVC es un termopl\u00e1stico especialmente dise\u00f1ado en el que se ha confiado durante d\u00e9cadas para salvar vidas y propiedades al suprimir y extinguir r\u00e1pidamente los incendios.<\/p>\n\n\n\n<p>Con instalaciones exitosas en edificios comerciales y residenciales en todo el mundo, los propietarios de edificios y contratistas contin\u00faan solicitando los Sistemas de Protecci\u00f3n contra Incendios BlazeMaster<sup>\u00ae<\/sup>&nbsp;CPVC porque son:<\/p>\n\n\n\n<ul class=\"wp-block-list\">\n<li>F\u00e1ciles de instalar de forma r\u00e1pida, silenciosa y segura.<\/li>\n\n\n\n<li>Menos costosos de instalar que otros sistemas de tuber\u00edas.<\/li>\n\n\n\n<li>Vers\u00e1tiles, que requieren de menos espacio para la instalaci\u00f3n.<\/li>\n\n\n\n<li>Resistentes a las llamas, manteniendo un rendimiento cr\u00edtico cuando se expone a un calor intenso.<\/li>\n\n\n\n<li>Ligeros y duraderos, lo que reduce la fatiga del instalador y los accidentes.<\/li>\n\n\n\n<li>Inherentemente resistentes a las picaduras y la corrosi\u00f3n, reduciendo los costos de mantenimiento y reemplazo. Aprobados para su uso por todos los principales listados y organizaciones de aprobaci\u00f3n, incluyendo Underwriters Laboratories, Inc., NSF International y LPCB.<\/li>\n<\/ul>\n\n\n\n<p>La instalaci\u00f3n inicial y el valor del ciclo de vida general hacen que los sistemas de rociadores contra incendios BlazeMaster<sup>\u00ae<\/sup>&nbsp;CPVC sean la opci\u00f3n superior tanto para los sistemas met\u00e1licos como para otros sistemas no met\u00e1licos.<\/p>\n\n\n\n<h2 class=\"wp-block-heading\">\u00bfEn d\u00f3nde comprar CPVC de BlazeMaster<sup>\u00ae<\/sup>&nbsp;CPVC?<\/h2>\n\n\n\n<p>El compuesto BlazeMaster<sup>\u00ae<\/sup>&nbsp;CPVC es dise\u00f1ado y fabricado por Lubrizol Advanced Materials, y luego es moldeado y ampliamente difundido por nuestra red de<\/p>\n\n\n\n<p>Cada uno de nuestros fabricantes asociados es seleccionado por su historial comprobado de producci\u00f3n de tuber\u00edas y conexiones de la m\u00e1s alta calidad. Tambi\u00e9n se les exige que cumplan con el Programa de Garant\u00eda de Calidad de BlazeMasters, que garantiza que usted compre las tuber\u00edas y conexiones de la m\u00e1s alta calidad disponibles.<\/p>\n\n\n\n<div class=\"wp-block-cover\"><span aria-hidden=\"true\" class=\"wp-block-cover__background has-background-dim\"><\/span><img loading=\"lazy\" decoding=\"async\" width=\"1024\" height=\"576\" class=\"wp-block-cover__image-background wp-image-502\" alt=\"\" src=\"https:\/\/seizosolutions.com\/wp-content\/uploads\/2025\/03\/1366X768-BLAZE-1-1024x576.jpg\" data-object-fit=\"cover\" title=\"\" srcset=\"https:\/\/seizosolutions.com\/wp-content\/uploads\/2025\/03\/1366X768-BLAZE-1-1024x576.jpg 1024w, https:\/\/seizosolutions.com\/wp-content\/uploads\/2025\/03\/1366X768-BLAZE-1-300x169.jpg 300w, https:\/\/seizosolutions.com\/wp-content\/uploads\/2025\/03\/1366X768-BLAZE-1-768x432.jpg 768w, https:\/\/seizosolutions.com\/wp-content\/uploads\/2025\/03\/1366X768-BLAZE-1-1320x742.jpg 1320w, https:\/\/seizosolutions.com\/wp-content\/uploads\/2025\/03\/1366X768-BLAZE-1-600x337.jpg 600w, https:\/\/seizosolutions.com\/wp-content\/uploads\/2025\/03\/1366X768-BLAZE-1.jpg 1366w\" sizes=\"auto, (max-width: 1024px) 100vw, 1024px\" \/><div class=\"wp-block-cover__inner-container is-layout-flow wp-block-cover-is-layout-flow\">\n<p class=\"has-text-align-center has-large-font-size\"><strong>ESPECIFICACI\u00d3N DE LOS SISTEMAS DEPROTECCI\u00d3N CONTRA INCENDIOS BlazeMaster<sup>\u00ae<\/sup>&nbsp;CPVC<\/strong><\/p>\n<\/div><\/div>\n\n\n\n<p>BlazeMaster<sup>\u00ae<\/sup>&nbsp;CPVC es el sistema de tuber\u00edas de rociadores contra incendios no met\u00e1licos m\u00e1s especificado del mundo. Est\u00e1 especialmente dise\u00f1ado y aprobado para todas las aplicaciones de bajo riesgo, tal como lo define NFPA 13\/13R\/13D.<\/p>\n\n\n\n<p>Los propietarios de edificios y contratistas especifican los sistemas de protecci\u00f3n contra incendios de BlazeMaster<sup>\u00ae<\/sup>&nbsp;CPVC porque:<\/p>\n\n\n\n<p>&nbsp;Se instalan de forma r\u00e1pida, silenciosa y segura.<\/p>\n\n\n\n<p>&nbsp;No sostendr\u00e1n una llama.<\/p>\n\n\n\n<p>&nbsp;Inherentemente resisten las picaduras y la corrosi\u00f3n.<\/p>\n\n\n\n<p>&nbsp;Resisten la corrosi\u00f3n influenciada microbiol\u00f3gicamente (MIC).<\/p>\n\n\n\n<p>&nbsp;Son ligeros y duraderos.<\/p>\n\n\n\n<p>&nbsp;Limitan la generaci\u00f3n de humo.<\/p>\n\n\n\n<p>&nbsp;Requieren de menos espacio para la instalaci\u00f3n.<\/p>\n\n\n\n<p>Revise los listados internacionales y las aprobaciones de los Sistemas de Protecci\u00f3n Contra Incendios BlazeMaster<sup>\u00ae<\/sup>&nbsp;CPVC para obtener una verificaci\u00f3n por parte de terceros del rendimiento y la confiabilidad de nuestro sistema de rociadores contra incendios.<\/p>\n\n\n\n<div class=\"wp-block-cover\"><span aria-hidden=\"true\" class=\"wp-block-cover__background has-background-dim\"><\/span><img loading=\"lazy\" decoding=\"async\" width=\"1024\" height=\"576\" class=\"wp-block-cover__image-background wp-image-503\" alt=\"\" src=\"https:\/\/seizosolutions.com\/wp-content\/uploads\/2025\/03\/1366X768-BLAZE-2-1024x576.jpg\" data-object-fit=\"cover\" title=\"\" srcset=\"https:\/\/seizosolutions.com\/wp-content\/uploads\/2025\/03\/1366X768-BLAZE-2-1024x576.jpg 1024w, https:\/\/seizosolutions.com\/wp-content\/uploads\/2025\/03\/1366X768-BLAZE-2-300x169.jpg 300w, https:\/\/seizosolutions.com\/wp-content\/uploads\/2025\/03\/1366X768-BLAZE-2-768x432.jpg 768w, https:\/\/seizosolutions.com\/wp-content\/uploads\/2025\/03\/1366X768-BLAZE-2-1320x742.jpg 1320w, https:\/\/seizosolutions.com\/wp-content\/uploads\/2025\/03\/1366X768-BLAZE-2-600x337.jpg 600w, https:\/\/seizosolutions.com\/wp-content\/uploads\/2025\/03\/1366X768-BLAZE-2.jpg 1366w\" sizes=\"auto, (max-width: 1024px) 100vw, 1024px\" \/><div class=\"wp-block-cover__inner-container is-layout-flow wp-block-cover-is-layout-flow\">\n<p class=\"has-text-align-center has-large-font-size\"><strong>INSTALACI\u00d3N DE CPVC R\u00c1PIDA, F\u00c1CIL Y CONFIABLE<\/strong><\/p>\n<\/div><\/div>\n\n\n\n<p>Las tuber\u00edas y conexiones para&nbsp;<strong>Protecci\u00f3n Contra Incendios de BlazeMaster<sup>\u00ae<\/sup>&nbsp;CPVC<\/strong>&nbsp;son livianas, flexibles y se unen mediante un proceso r\u00e1pido de cemento solvente en un solo paso. Cuando se compara con los sistemas de metal, esto permite a los propietarios de edificios y contratistas ahorrar tiempo, limitar costos y evitar interrupciones innecesarias de los ocupantes.<\/p>\n\n\n\n<div class=\"wp-block-cover\"><span aria-hidden=\"true\" class=\"wp-block-cover__background has-background-dim\"><\/span><img loading=\"lazy\" decoding=\"async\" width=\"1024\" height=\"576\" class=\"wp-block-cover__image-background wp-image-504\" alt=\"\" src=\"https:\/\/seizosolutions.com\/wp-content\/uploads\/2025\/03\/1366X768-BLAZE-3-1024x576.jpg\" data-object-fit=\"cover\" title=\"\" srcset=\"https:\/\/seizosolutions.com\/wp-content\/uploads\/2025\/03\/1366X768-BLAZE-3-1024x576.jpg 1024w, https:\/\/seizosolutions.com\/wp-content\/uploads\/2025\/03\/1366X768-BLAZE-3-300x169.jpg 300w, https:\/\/seizosolutions.com\/wp-content\/uploads\/2025\/03\/1366X768-BLAZE-3-768x432.jpg 768w, https:\/\/seizosolutions.com\/wp-content\/uploads\/2025\/03\/1366X768-BLAZE-3-1320x742.jpg 1320w, https:\/\/seizosolutions.com\/wp-content\/uploads\/2025\/03\/1366X768-BLAZE-3-600x337.jpg 600w, https:\/\/seizosolutions.com\/wp-content\/uploads\/2025\/03\/1366X768-BLAZE-3.jpg 1366w\" sizes=\"auto, (max-width: 1024px) 100vw, 1024px\" \/><div class=\"wp-block-cover__inner-container is-layout-flow wp-block-cover-is-layout-flow\">\n<p class=\"has-text-align-center has-large-font-size\">FABRICANTES ASOCIADOS DEL CPVC DE BlazeMaster<sup>\u00ae<\/sup><\/p>\n<\/div><\/div>\n\n\n\n<p>Las tuber\u00edas y conexiones de BlazeMaster<sup>\u00ae<\/sup>&nbsp;CPVC&nbsp;est\u00e1n ampliamente disponibles y se entregan con una calidad constante gracias a nuestra red de fabricantes asociados.&nbsp;<\/p>\n\n\n\n<p>Solo trabajamos con fabricantes que tienen una reputaci\u00f3n y un historial comprobado de producci\u00f3n de tuber\u00edas y conexiones de alto rendimiento.&nbsp;<\/p>\n\n\n\n<h2 class=\"wp-block-heading\">Manteniendo la Calidad del CPVC<\/h2>\n\n\n\n<p>Cada compa\u00f1\u00eda que fabrica productos de BlazeMaster<sup>\u00ae<\/sup>&nbsp;CPVC participa en un Programa de Garant\u00eda de Calidad requerido por contrato. El programa garantiza que cada producto se fabrique con una calidad constante para mantener los mismos altos est\u00e1ndares, independientemente de cu\u00e1ndo, d\u00f3nde y qui\u00e9n los fabrica.<\/p>\n\n\n\n<h2 class=\"wp-block-heading\">Productos Ampliamente Disponibles<\/h2>\n\n\n\n<p>Los siguientes fabricantes asociados le garantizan que pueda acceder f\u00e1cilmente a las tuber\u00edas y conexiones confiables de BlazeMaster<sup>\u00ae<\/sup>\u00a0CPVC en cualquier parte del mundo. Pongase en contacto con nosotros para ayudarle a encontrar un fabricante asociado en su \u00e1rea.<\/p>\n\n\n<div class=\"wp-block-jetpack-contact-form is-layout-flex wp-container-jetpack-contact-form-is-layout-026b38f8 wp-block-jetpack-contact-form-is-layout-flex\"><a href=\"https:\/\/seizosolutions.com\/index.php\/marcas\/blazemaster\/\" target=\"_blank\" rel=\"noopener noreferrer\">Env\u00eda un formulario.<\/a><\/div>","protected":false},"excerpt":{"rendered":"<p>El policloruro de vinilo clorado de BlazeMaster\u00ae&nbsp;CPVC es un termopl\u00e1stico especialmente dise\u00f1ado en el que se ha confiado durante d\u00e9cadas para salvar vidas y propiedades al suprimir y extinguir r\u00e1pidamente los incendios. Con instalaciones exitosas en edificios comerciales y residenciales en todo el mundo, los propietarios de edificios y contratistas contin\u00faan solicitando los Sistemas de [&hellip;]<\/p>\n","protected":false},"author":1,"featured_media":0,"parent":434,"menu_order":0,"comment_status":"closed","ping_status":"closed","template":"","meta":{"content-type":"","om_disable_all_campaigns":false,"_monsterinsights_skip_tracking":false,"_monsterinsights_sitenote_active":false,"_monsterinsights_sitenote_note":"","_monsterinsights_sitenote_category":0,"_uf_show_specific_survey":0,"_uf_disable_surveys":false,"footnotes":""},"class_list":["post-495","page","type-page","status-publish","hentry"],"jetpack_sharing_enabled":true,"_links":{"self":[{"href":"https:\/\/seizosolutions.com\/index.php\/wp-json\/wp\/v2\/pages\/495","targetHints":{"allow":["GET"]}}],"collection":[{"href":"https:\/\/seizosolutions.com\/index.php\/wp-json\/wp\/v2\/pages"}],"about":[{"href":"https:\/\/seizosolutions.com\/index.php\/wp-json\/wp\/v2\/types\/page"}],"author":[{"embeddable":true,"href":"https:\/\/seizosolutions.com\/index.php\/wp-json\/wp\/v2\/users\/1"}],"replies":[{"embeddable":true,"href":"https:\/\/seizosolutions.com\/index.php\/wp-json\/wp\/v2\/comments?post=495"}],"version-history":[{"count":4,"href":"https:\/\/seizosolutions.com\/index.php\/wp-json\/wp\/v2\/pages\/495\/revisions"}],"predecessor-version":[{"id":507,"href":"https:\/\/seizosolutions.com\/index.php\/wp-json\/wp\/v2\/pages\/495\/revisions\/507"}],"up":[{"embeddable":true,"href":"https:\/\/seizosolutions.com\/index.php\/wp-json\/wp\/v2\/pages\/434"}],"wp:attachment":[{"href":"https:\/\/seizosolutions.com\/index.php\/wp-json\/wp\/v2\/media?parent=495"}],"curies":[{"name":"wp","href":"https:\/\/api.w.org\/{rel}","templated":true}]}}