{"id":685,"date":"2026-03-23T17:49:10","date_gmt":"2026-03-23T17:49:10","guid":{"rendered":"https:\/\/seizosolutions.com\/?post_type=product&#038;p=685"},"modified":"2026-03-23T17:49:10","modified_gmt":"2026-03-23T17:49:10","slug":"tuberia-y-conexiones-blazemaster-cpvc","status":"publish","type":"product","link":"https:\/\/seizosolutions.com\/index.php\/product\/tuberia-y-conexiones-blazemaster-cpvc\/","title":{"rendered":"Tuberia y Conexiones BLAZEMASTER (CPVC)"},"content":{"rendered":"<h3 data-section-id=\"gnwrn9\" data-start=\"209\" data-end=\"224\">\ud83e\udde9 Producto<\/h3>\n<p data-start=\"225\" data-end=\"419\">Sistema completo de tuber\u00eda y conexiones de CPVC dise\u00f1adas espec\u00edficamente para sistemas de rociadores autom\u00e1ticos contra incendio (sprinklers), certificadas para uso en protecci\u00f3n contra fuego.<\/p>\n<hr data-start=\"421\" data-end=\"424\" \/>\n<h2 data-section-id=\"1vb5avh\" data-start=\"426\" data-end=\"450\">\ud83e\uddf1 Tipos de productos<\/h2>\n<h3 data-section-id=\"ohbqfk\" data-start=\"452\" data-end=\"483\">\ud83d\udd39 Tuber\u00eda BlazeMaster CPVC<\/h3>\n<ul data-start=\"484\" data-end=\"675\">\n<li data-section-id=\"o1r7gd\" data-start=\"484\" data-end=\"537\">Fabricada en CPVC resistente a altas temperaturas<\/li>\n<li data-section-id=\"12zuo49\" data-start=\"538\" data-end=\"594\">Color naranja distintivo (normativa contra incendio)<\/li>\n<li data-section-id=\"1s6xgci\" data-start=\"595\" data-end=\"629\">Di\u00e1metros comunes: \u00be\u201d hasta 3\u201d<\/li>\n<li data-section-id=\"1st320p\" data-start=\"630\" data-end=\"675\">Cumple normas UL, FM, NFPA 13 \/ 13R \/ 13D<\/li>\n<\/ul>\n<hr data-start=\"677\" data-end=\"680\" \/>\n<h3 data-section-id=\"1lwi9n4\" data-start=\"682\" data-end=\"711\">\ud83d\udd39 Conexiones m\u00e1s comunes<\/h3>\n<h4 data-start=\"713\" data-end=\"738\">1. Codos (90\u00b0 y 45\u00b0)<\/h4>\n<ul data-start=\"739\" data-end=\"805\">\n<li data-section-id=\"1dcutk8\" data-start=\"739\" data-end=\"773\">Cambios de direcci\u00f3n del flujo<\/li>\n<li data-section-id=\"ud482l\" data-start=\"774\" data-end=\"805\">Dise\u00f1o hidr\u00e1ulico eficiente<\/li>\n<\/ul>\n<h4 data-start=\"807\" data-end=\"823\">2. Tees (T)<\/h4>\n<ul data-start=\"824\" data-end=\"869\">\n<li data-section-id=\"hymp6z\" data-start=\"824\" data-end=\"848\">Derivaci\u00f3n de l\u00edneas<\/li>\n<li data-section-id=\"1wbj9co\" data-start=\"849\" data-end=\"869\">Igual o reducida<\/li>\n<\/ul>\n<h4 data-start=\"871\" data-end=\"885\">3. Coples<\/h4>\n<ul data-start=\"886\" data-end=\"956\">\n<li data-section-id=\"1jv16ng\" data-start=\"886\" data-end=\"913\">Uni\u00f3n recta de tuber\u00edas<\/li>\n<li data-section-id=\"1qx1h07\" data-start=\"914\" data-end=\"956\">F\u00e1cil instalaci\u00f3n con cemento solvente<\/li>\n<\/ul>\n<h4 data-start=\"958\" data-end=\"977\">4. Reducciones<\/h4>\n<ul data-start=\"978\" data-end=\"1038\">\n<li data-section-id=\"147uwsa\" data-start=\"978\" data-end=\"1008\">Transici\u00f3n entre di\u00e1metros<\/li>\n<li data-section-id=\"1u3vawb\" data-start=\"1009\" data-end=\"1038\">Mantiene presi\u00f3n adecuada<\/li>\n<\/ul>\n<h4 data-start=\"1040\" data-end=\"1074\">5. Adaptadores macho \/ hembra<\/h4>\n<ul data-start=\"1075\" data-end=\"1123\">\n<li data-section-id=\"rbi03r\" data-start=\"1075\" data-end=\"1109\">Conexi\u00f3n a elementos met\u00e1licos<\/li>\n<li data-section-id=\"12cokzy\" data-start=\"1110\" data-end=\"1123\">Rosca NPT<\/li>\n<\/ul>\n<h4 data-start=\"1125\" data-end=\"1146\">6. Tapones (cap)<\/h4>\n<ul data-start=\"1147\" data-end=\"1210\">\n<li data-section-id=\"ftoxlm\" data-start=\"1147\" data-end=\"1170\">Sellado de extremos<\/li>\n<li data-section-id=\"1paq2j8\" data-start=\"1171\" data-end=\"1210\">Uso en pruebas o cierres temporales<\/li>\n<\/ul>\n<h4 data-start=\"1212\" data-end=\"1227\">7. Uniones<\/h4>\n<ul data-start=\"1228\" data-end=\"1289\">\n<li data-section-id=\"1pg6ta5\" data-start=\"1228\" data-end=\"1262\">Permiten desmontaje sin cortar<\/li>\n<li data-section-id=\"1c04col\" data-start=\"1263\" data-end=\"1289\">Mantenimiento sencillo<\/li>\n<\/ul>\n<h4 data-start=\"1291\" data-end=\"1321\">8. Soportes y abrazaderas<\/h4>\n<ul data-start=\"1322\" data-end=\"1384\">\n<li data-section-id=\"kqbiwz\" data-start=\"1322\" data-end=\"1346\">Fijaci\u00f3n estructural<\/li>\n<li data-section-id=\"1dn8xz\" data-start=\"1347\" data-end=\"1384\">Cumplen espaciamientos normativos<\/li>\n<\/ul>\n<hr data-start=\"1386\" data-end=\"1389\" \/>\n<h2 data-section-id=\"1fsomc0\" data-start=\"1391\" data-end=\"1412\">\u2699\ufe0f Caracter\u00edsticas<\/h2>\n<ul data-start=\"1413\" data-end=\"1683\">\n<li data-section-id=\"wgxjzh\" data-start=\"1413\" data-end=\"1459\">Material: CPVC especializado para incendio<\/li>\n<li data-section-id=\"1x3ef53\" data-start=\"1460\" data-end=\"1504\">Resistente a corrosi\u00f3n, qu\u00edmicos y sarro<\/li>\n<li data-section-id=\"x7fe8\" data-start=\"1505\" data-end=\"1570\">Instalaci\u00f3n mediante cemento solvente (no requiere soldadura)<\/li>\n<li data-section-id=\"1dzaavj\" data-start=\"1571\" data-end=\"1613\">Interior liso (menor p\u00e9rdida de carga)<\/li>\n<li data-section-id=\"1hlyuma\" data-start=\"1614\" data-end=\"1644\">Ligero comparado con acero<\/li>\n<li data-section-id=\"6kevfu\" data-start=\"1645\" data-end=\"1683\">Alta resistencia t\u00e9rmica y presi\u00f3n<\/li>\n<\/ul>\n<hr data-start=\"1685\" data-end=\"1688\" \/>\n<h2 data-section-id=\"jgot48\" data-start=\"1690\" data-end=\"1704\">\ud83d\ude80 Ventajas<\/h2>\n<ul data-start=\"1705\" data-end=\"1904\">\n<li data-section-id=\"19fyniz\" data-start=\"1705\" data-end=\"1752\">Instalaci\u00f3n r\u00e1pida (reduce tiempos de obra)<\/li>\n<li data-section-id=\"1o6dves\" data-start=\"1753\" data-end=\"1784\">Menor costo de mano de obra<\/li>\n<li data-section-id=\"toim0b\" data-start=\"1785\" data-end=\"1821\">No requiere equipo especializado<\/li>\n<li data-section-id=\"1da0tzk\" data-start=\"1822\" data-end=\"1852\">No se oxida ni se incrusta<\/li>\n<li data-section-id=\"20hv0h\" data-start=\"1853\" data-end=\"1904\">Menor peso = transporte e instalaci\u00f3n m\u00e1s f\u00e1cil<\/li>\n<\/ul>\n<hr data-start=\"1906\" data-end=\"1909\" \/>\n<h2 data-section-id=\"qotv70\" data-start=\"1911\" data-end=\"1927\">\ud83d\udca1 Beneficios<\/h2>\n<ul data-start=\"1928\" data-end=\"2111\">\n<li data-section-id=\"10p41ne\" data-start=\"1928\" data-end=\"1975\">Mayor seguridad en sistemas contra incendio<\/li>\n<li data-section-id=\"1e1u1og\" data-start=\"1976\" data-end=\"1995\">Larga vida \u00fatil<\/li>\n<li data-section-id=\"1l4fab2\" data-start=\"1996\" data-end=\"2018\">Bajo mantenimiento<\/li>\n<li data-section-id=\"l9ll18\" data-start=\"2019\" data-end=\"2063\">Reducci\u00f3n de costos totales del proyecto<\/li>\n<li data-section-id=\"8kly31\" data-start=\"2064\" data-end=\"2111\">Cumplimiento con normativas internacionales<\/li>\n<\/ul>\n<hr data-start=\"2113\" data-end=\"2116\" \/>\n<h2 data-section-id=\"plgmlb\" data-start=\"2118\" data-end=\"2136\">\ud83c\udfed Aplicaciones<\/h2>\n<ul data-start=\"2137\" data-end=\"2282\">\n<li data-section-id=\"1kbf7bq\" data-start=\"2137\" data-end=\"2175\">Sistemas de rociadores autom\u00e1ticos<\/li>\n<li data-section-id=\"xcli50\" data-start=\"2176\" data-end=\"2217\">Edificios residenciales y comerciales<\/li>\n<li data-section-id=\"1nju2vk\" data-start=\"2218\" data-end=\"2251\">Hoteles, hospitales, oficinas<\/li>\n<li data-section-id=\"1vwuf9t\" data-start=\"2252\" data-end=\"2282\">Naves industriales ligeras<\/li>\n<\/ul>\n","protected":false},"excerpt":{"rendered":"<p>\ud83e\udde9 Producto Sistema completo de tuber\u00eda y conexiones de CPVC dise\u00f1adas espec\u00edficamente para sistemas de rociadores autom\u00e1ticos contra incendio (sprinklers), certificadas para uso en protecci\u00f3n contra fuego. \ud83e\uddf1 Tipos de productos \ud83d\udd39 Tuber\u00eda BlazeMaster CPVC Fabricada en CPVC resistente a altas temperaturas Color naranja distintivo (normativa contra incendio) Di\u00e1metros comunes: \u00be\u201d hasta 3\u201d Cumple normas [&hellip;]<\/p>\n","protected":false},"featured_media":686,"comment_status":"open","ping_status":"closed","template":"","meta":{"content-type":"","om_disable_all_campaigns":false,"_monsterinsights_skip_tracking":false,"_monsterinsights_sitenote_active":false,"_monsterinsights_sitenote_note":"","_monsterinsights_sitenote_category":0,"_uf_show_specific_survey":0,"_uf_disable_surveys":false,"jetpack_publicize_message":"","jetpack_publicize_feature_enabled":true,"jetpack_social_post_already_shared":true,"jetpack_social_options":{"image_generator_settings":{"template":"highway","default_image_id":0,"font":"","enabled":false},"version":2}},"product_brand":[],"product_cat":[15],"product_tag":[],"class_list":{"0":"post-685","1":"product","2":"type-product","3":"status-publish","4":"has-post-thumbnail","6":"product_cat-uncategorized","8":"first","9":"instock","10":"shipping-taxable","11":"product-type-simple"},"jetpack_publicize_connections":[],"jetpack_sharing_enabled":true,"_links":{"self":[{"href":"https:\/\/seizosolutions.com\/index.php\/wp-json\/wp\/v2\/product\/685","targetHints":{"allow":["GET"]}}],"collection":[{"href":"https:\/\/seizosolutions.com\/index.php\/wp-json\/wp\/v2\/product"}],"about":[{"href":"https:\/\/seizosolutions.com\/index.php\/wp-json\/wp\/v2\/types\/product"}],"replies":[{"embeddable":true,"href":"https:\/\/seizosolutions.com\/index.php\/wp-json\/wp\/v2\/comments?post=685"}],"wp:featuredmedia":[{"embeddable":true,"href":"https:\/\/seizosolutions.com\/index.php\/wp-json\/wp\/v2\/media\/686"}],"wp:attachment":[{"href":"https:\/\/seizosolutions.com\/index.php\/wp-json\/wp\/v2\/media?parent=685"}],"wp:term":[{"taxonomy":"product_brand","embeddable":true,"href":"https:\/\/seizosolutions.com\/index.php\/wp-json\/wp\/v2\/product_brand?post=685"},{"taxonomy":"product_cat","embeddable":true,"href":"https:\/\/seizosolutions.com\/index.php\/wp-json\/wp\/v2\/product_cat?post=685"},{"taxonomy":"product_tag","embeddable":true,"href":"https:\/\/seizosolutions.com\/index.php\/wp-json\/wp\/v2\/product_tag?post=685"}],"curies":[{"name":"wp","href":"https:\/\/api.w.org\/{rel}","templated":true}]}}